is 19801 - -1?
19802
In base 9, what is 422331 - 5?
422325
In base 12, what is -2 - -2b54bb?
2b54b9
In base 6, what is -142 + 240235?
240053
In base 10, what is -6202 + -26?
-6228
In base 16, what is -43 - -a6?
63
In base 4, what is 3200212122 + -2?
3200212120
In base 8, what is 16342 + -124?
16216
In base 5, what is 2330441 + 403?
2331344
In base 13, what is -1 + 263a01?
263a00
In base 16, what is -1 - -29fe8?
29fe7
In base 15, what is -a - 86ba?
-86c5
In base 4, what is 2010 + -23122?
-21112
In base 12, what is 13 + -1bb19?
-1bb06
In base 7, what is 0 + 1601262?
1601262
In base 7, what is 1115144 - 2?
1115142
In base 5, what is -233120 + -314?
-233434
In base 13, what is -3 + 8288?
8285
In base 15, what is 3 - 364d?
-364a
In base 13, what is -9b5a - 3?
-9b60
In base 2, what is -101101101011 + -100100?
-101110001111
In base 7, what is 165 + 1256?
1454
In base 3, what is 102011 + -1221?
100020
In base 9, what is 3 + -4462?
-4458
In base 8, what is 4 + 462?
466
In base 4, what is 2301010 + 2221?
2303231
In base 9, what is 8 - 412?
-403
In base 13, what is a - -a232?
a23c
In base 16, what is 3ee4 + -4?
3ee0
In base 2, what is -1010111111101011101111 + 100?
-1010111111101011101011
In base 3, what is 1102 + -1000002?
-221200
In base 16, what is -8ab - -3e?
-86d
In base 9, what is -3 - 108?
-112
In base 7, what is 465215 + -16?
465166
In base 13, what is -40 + 209?
199
In base 5, what is -13130 + 113?
-13012
In base 4, what is -102123123 - 0?
-102123123
In base 14, what is -4 + -106767?
-10676b
In base 13, what is -37c - -1a18?
1669
In base 2, what is 1011101010101 + -1?
1011101010100
In base 11, what is 33a926 - -1?
33a927
In base 10, what is 94 - 38?
56
In base 6, what is -1 + 124402?
124401
In base 13, what is 7 - -23b16?
23b20
In base 16, what is 71ac - -99?
7245
In base 7, what is 11212535 - 2?
11212533
In base 13, what is 5 - -4ac15?
4ac1a
In base 10, what is 1 - 217222?
-217221
In base 6, what is 2502231 - 3?
2502224
In base 7, what is 1520 + -50?
1440
In base 7, what is -34430 - 60?
-34520
In base 12, what is 22267 + 4?
2226b
In base 10, what is 60 + -3533?
-3473
In base 9, what is -25728 - 11?
-25740
In base 16, what is b82a - -1?
b82b
In base 5, what is -113132 + 331?
-112301
In base 2, what is 1010010101011000 + 11?
1010010101011011
In base 10, what is -16 + -71?
-87
In base 11, what is 354 - -934?
1188
In base 7, what is -601 - -620?
16
In base 4, what is 2303 + 2300?
11203
In base 15, what is 3c - -4344?
4381
In base 5, what is 30 + 2230224?
2230304
In base 15, what is 5 + 152a67?
152a6c
In base 15, what is -16a1a7 - 4?
-16a1ab
In base 8, what is 307305 - 25?
307260
In base 10, what is -1353 + 132?
-1221
In base 5, what is -4 + 12404?
12400
In base 13, what is -1056 + -6a?
-10c3
In base 9, what is 21 + 7637?
7658
In base 2, what is -101101 + -11111101010?
-100000010111
In base 8, what is -1156 - -320?
-636
In base 15, what is 5 + -2521c?
-25217
In base 2, what is 100000010010 - 1001110?
11111000100
In base 7, what is -314 + 1462?
1145
In base 5, what is -2040 + -2243?
-4333
In base 9, what is 3 + -5282?
-5278
In base 8, what is -67251 + -3?
-67254
In base 2, what is -1101101010 - 10001?
-1101111011
In base 7, what is -5 + 304246?
304241
In base 3, what is 2 - 112002200212?
-112002200210
In base 8, what is 1342 + -172?
1150
In base 10, what is 3 + -8649?
-8646
In base 13, what is -4 - -4a89?
4a85
In base 2, what is -101011011010 + 110?
-101011010100
In base 11, what is 1700 - 175a?
-5a
In base 15, what is -29 - 182?
-1ab
In base 15, what is 26a3 - -1?
26a4
In base 16, what is b18e1 + -4?
b18dd
In base 6, what is 0 + 20011?
20011
In base 16, what is -1 - -bd5?
bd4
In base 8, what is -672 - -120?
-552
In base 12, what is 37 - -45b?
496
In base 12, what is 1026266 - 3?
1026263
In base 2, what is 1 + 100101011000011011?
100101011000011100
In base 11, what is -200 - -589?
389
In base 16, what is 13aa - 2?
13a8
In base 10, what is -306408 - -11?
-306397
In base 16, what is 5d175 + -5?
5d170
In base 7, what is 163462 + 134?
163626
In base 10, what is 16 + 16952?
16968
In base 7, what is 15363105 + 5?
15363113
In base 9, what is 10241 + -12?
10228
In base 6, what is 1 + -22534545?
-22534544
In base 15, what is -59ebc3 - -5?
-59ebbd
In base 13, what is -a7 + -176b?
-1845
In base 12, what is -173 + 89b3?
8840
In base 15, what is 3 + -c0bd?
-c0ba
In base 6, what is 1 + -5204252?
-5204251
In base 7, what is 203444 + 2?
203446
In base 5, what is -10 - 140422?
-140432
In base 10, what is 635 + 880?
1515
In base 13, what is -7c02 + -6?
-7c08
In base 4, what is 12333 + -221021?
-202022
In base 15, what is -172 + 7?
-16a
In base 11, what is 1140 + 6a?
11aa
In base 3, what is -200 - -10002010020?
10002002120
In base 10, what is -4146 - 28?
-4174
In base 5, what is 140421 + 4?
140430
In base 5, what is 3 - -10414231?
10414234
In base 5, what is -1410 - 4231?
-11141
In base 12, what is -39 + -b10?
-b49
In base 12, what is 52 + 55a?
5b0
In base 10, what is 368 + -1135?
-767
In base 8, what is 4 - 2075?
-2071
In base 12, what is -12aa - -163?
-1147
In base 13, what is 0 + -12a5b1?
-12a5b1
In base 5, what is -1043 - -10434?
4341
In base 4, what is -1 + -112302110?
-112302111
In base 7, what is 10540 - 1141?
6366
In base 11, what is 67 + -62683?
-62617
In base 14, what is -6782 - 5?
-6787
In base 12, what is 5 + 28218?
28221
In base 16, what is 5c9c5 + 3?
5c9c8
In base 12, what is -bab24 - 2?
-bab26
In base 4, what is -201121 - 1231?
-203012
In base 6, what is 3435545 - 5?
3435540
In base 4, what is 322311311 - -12?
322311323
In base 12, what is 5 + 15259?
15262
In base 16, what is 9d6 + -54?
982
In base 4, what is -2 + 3333310?
3333302
In base 14, what is 12 - -1026?
1038
In base 6, what is 10 - -111?
121
In base 2, what is 10000 + -101111000?
-101101000
In base 4, what is -231200033 + 10?
-231200023
In base 7, what is -1643 - -206?
-1434
In base 12, what is -24a + 10?
-23a
In base 6, what is 3531504 + -10?
3531454
In base 6, what is 51253 - 42?
51211
In base 12, what is 137 - 158?
-21
In base 12, what is 2856 + 1?
2857
In base 14, what is 579 - -7aa?
d45
In base 14, what is -646 - -4b?
-5d9
In base 2, what is 1000 - -100010101010?
100010110010
In base 5, what is 2400344041 + -3?
2400344033
In base 13, what is 1942 + 3b?
1980
In base 2, what is -11001100000110 + 11110?
-11001011101000
In base 5, what is 232 - 12342?
-12110
In base 7, what is -4 + 52413?
52406
In base 8, what is 0 - -52465?
52465
In base 15, what is -3 - 1bd75?
-1bd78
In base 6, what is -1050 - -15030?
13540
In base 12, what is 4 - 23460b?
-234607
In base 2, what is -10000010 + 1000010111011?
1000000111001
In base 14, what is 3da + -349?
91
In base 8, what is 77 + -7576?
-7477
In base 15, what is 4 + -5d375?
-5d371
In base 13, what is -b + 26948?
2693a
In base 9, what is -2 + -521?
-523
In base 12, what is 34 - 74aa?
-7476
In base 7, what is -14 - -130114?
130100
In base 14, what is -4 - -d75d?
d759
In base 15, what is -e23 - -c?
-e16
In base 16, what is 4 + 53e9?
53ed
In base 11, what is -10 - -2711?
2701
In base 7, what is 42 - -2214?
2256
In base 12, what is 25ab3 + 50?
25b43
In base 4, what is -3 - 22330102?
-22330111
In base 12, what is 3 - 6408?
-6405
In base 11, what is -1a298 + -22?
-1a30a
In base 16, what is 1b153 + -7?
1b14c
In base 7, what is 13166 + -20?
13146
In base 15, what is 5 + -1420?
-141a
In base 15, what is -56c + c4?
-498
In base 12, what is 4 + 54a7b5?
54a7b9
In base 8, what is 4 + -1524?
-1520
In base 5, what is 231443 + 13?
232011
In base 13, what is 2 + -105350?
-10534b
In base 3, what is 0 + 2011211222?
2011211222
In base 10, what is -721 + 25?
-696
In base 13, what is -91 - -5?
-89
In base 3, what is -1101121 + 1010?
-1100111
In base 3, what is -22 + -200010112212?
-200010120011
In base 2, what is 1001111101 - 10101110010?
-1011110101
In base 16, what is 2 + -196d5d?
-196d5b
In base 14, what is -39dcb2 + 0?
-39dcb2
In base 10, what is 1 + 3151?
3152
In base 13, what is 1b51 - -5?
1b56
In base 8, what is 1007647 + -17?
1007630
In base 15, what is -1 + 3a33d?
3a33c
In base 12, what is -107266 - 5?
-10726b
In base 11, what is 12 + -406061?
-40604a
In base 16, what is -1eed - -9?
-1ee4
In base 9, what is -1 - -17138?
17137
In base 9, what is 100573 + 3?
100576
In b